 m(0).
-4
Let a(z) be the second derivative of -z**4/24 + 7*z**3/6 - 14*z**2 - 11*z. Let g(s) be the first derivative of a(s). What is g(0)?
7
Let d(q) = -11*q**2 + 44*q**2 - 15*q + 7 - 32*q**2 + 21. Calculate d(12).
-8
Let o be 16/4 + (0 - 1). Let j(z) = -z - 8. Let t(k) = 1. Let w = -6 - -7. Let c(i) = o*t(i) + w*j(i). What is c(0)?
-5
Let l(q) = -q**2 + q + 1. Let c(g) = 5*g - 24. Let k be c(4). Let f be 16/(-32)*k/(-2). What is l(f)?
-1
Let q = -5 - -2. Let j(n) = -9*n**3 - n**2 - 7*n + 4. Let a(g) = -7*g**3 - 5*g + 3. Let v(x) = 5*a(x) - 4*j(x). Determine v(q).
-1
Let z(x) be the third derivative of -x**6/120 - 3*x**5/20 - x**4/3 - 2*x**2 - 11*x. What is z(-8)?
0
Let f(h) = 0*h + 17 + 2*h - 3*h + 2*h + 0*h. Determine f(-13).
4
Let n(a) = -a + 4. Suppose 25 = -0*f - 5*f. Let c(q) = -q + 3. Let p(s) = f*n(s) + 6*c(s). Give p(-3).
1
Let w be (-5 - -9)/(0 - 1). Let m = w - -4. Let s(f) = f**2 + f - 7. Calculate s(m).
-7
Let w be 5 + -3 + 1 + 0 + 1. Let a(k) = -3 - k**2 + 10 + k - 5. Calculate a(w).
-10
Suppose x - 4*x - 4*z = -45, 45 = 3*x - z. Let p(h) = -24 - 23 + 47 - x*h. Calculate p(-1).
15
Let f(c) = 2*c. Let q(g) = -2*g**3 - 7*g**2 + 14*g + 7. Let a(k) = k**3 + 4*k**2 - 7*k - 3. Let w(s) = -5*a(s) - 2*q(s). Let y be w(-7). Determine f(y).
2
Let v(w) = -w**3 - 7*w**2 - 10*w - 6. Let u = -928 + 924. Calculate v(u).
-14
Suppose 984 = -21*b + 33*b. Let h = b + -91. Let x(a) = 2*a + 8. Calculate x(h).
-10
Let t(u) = -u**2 - 3*u + 1. Suppose 4*d = -2*b - 32, 35 = -5*b + 22*d - 23*d. Give t(b).
-17
Let n(r) = -10*r**3 - 17*r**2 + 10*r + 191. Let m(t) = 3*t**3 + 5*t**2 - 3*t - 64. Let j(u) = -7*m(u) - 2*n(u). What is j(0)?
66
Suppose -10*x + 5*x - 3*y = -116, 4*y = -12. Let o(a) = a**2 - 25*a - 5. What is o(x)?
-5
Let u(v) = -4*v + 16*v**2 + 5 - 8*v**2 + 4*v - v**3 - 2*v**2. Determine u(6).
5
Let k(i) be the first derivative of -i**4/4 + 2*i**3/3 + 2*i + 55. Calculate k(4).
-30
Let x(u) = -2*u - 9. Let y(t) = t + 4. Let v(z) = -4*x(z) - 9*y(z). Suppose 778 - 544 = 26*k. What is v(k)?
-9
Let i(b) = b**3 - 2*b + 2. Let c be (3 + (-40)/15)/(1/12). Suppose w - 3 = -4*m + 8, -m - c = -2*w. Calculate i(m).
6
Suppose -19*n = -30*n - 121. Let s(x) = x + 9. Determine s(n).
-2
Let f = -289 - -287. Let m(n) = n + 9. Determine m(f).
7
Let f(v) = -4*v + 9. Let s(k) = -1. Let w(r) = f(r) + 4*s(r). Let l(q) = -4*q + 5. Let x(a) = 2*l(a) - 3*w(a). Determine x(4).
11
Let f(b) = b**3 - b**2 + 3. Let z be f(0). Let d(o) = -6*o**2 - 4*o**3 - 6 - 4 + z*o**3 - o - o**2. Let p be 8/12*(-21)/2. What is d(p)?
-3
Suppose -5*p = 283 + 42. Let z = p + 72. Let o(m) = -2*m + 6. What is o(z)?
-8
Let l = 16 + -108. Let t = l - -86. Let z(w) = -w**3 - 5*w**2 + 7*w + 1. Calculate z(t).
-5
Suppose r = -0*r + 4. Let h = r + -5. Let y(d) be the first derivative of 13*d**2/2 - 6. Calculate y(h).
-13
Let c(q) = 25*q**2 - 11*q - 9. Let g(x) = -9*x**2 + 4*x + 3. Let d(p) = -4*c(p) - 11*g(p). Determine d(-3).
-6
Let l(q) = 3 - 6*q - 6*q - 6*q + 11*q - 3*q**2 + 4*q**2. Determine l(7).
3
Let j(y) = y**2 + 8*y - 17. Suppose 31*p - 41*p - 90 = 0. Give j(p).
-8
Let i(c) be the first derivative of c**3/3 + 7*c**2/2 - 5*c - 4. Suppose 0 = -o - 5*d - 6 - 10, -o + 3*d = 0. Give i(o).
-11
Let g(u) = -u**3 - 11*u**2 - 2*u + 4. Let o(q) = -q**2 + 1. Let f(c) = g(c) - 5*o(c). What is f(-6)?
11
Let l(b) be the first derivative of -b**3/3 + 4*b**2 + b + 3. Let a be l(6). Let j = 12 - a. Let r(k) = 2*k. What is r(j)?
-2
Let f(t) = t. Let k(i) = -14*i + 1. Let p(z) = 6*f(z) + k(z). Suppose 0 = -d + 2. Suppose -2*u + 4 = d*u. Give p(u).
-7
Let t(g) be the first derivative of -g**4/4 - 2*g**3/3 + g**2/2 - 3*g - 336. Let v = 3 + -1. Suppose 0 = v*s + 3 + 3. Determine t(s).
3
Let f(c) = -15*c - 48. Let a(u) = 22*u + 67. Let h(r) = -5*a(r) - 7*f(r). Let l = -3 + -1. Let p be (-3)/9 - l/(-6). Calculate h(p).
6
Suppose u + 2 = -s, -2*s + 3*u + 1 = 20. Let t(f) be the second derivative of f**4/12 + 2*f**3/3 - f**2/2 + f - 3. What is t(s)?
4
Suppose -c + 29 - 31 = 0. Let z(u) = -2*u - 1. Let b(f) = 8*f + 3. Let k(g) = c*b(g) - 9*z(g). Determine k(-5).
-7
Let d = -2536 + 2536. Let p(s) = -s**2 + 4*s - 1. Calculate p(d).
-1
Let p(x) = 10*x**2 - 19*x + 7. Let k(u) = u**2 - 4*u + 2. Let j(v) = 5*k(v) - p(v). Give j(-4).
-73
Let o(q) = q**3 - 4*q**2 - q + 2. Let h(a) = 63*a**2 + a + 0*a**3 - 4*a**3 - 9 - 47*a**2 + 4*a. Let p(y) = 2*h(y) + 9*o(y). Determine p(2).
-6
Let m(v) be the second derivative of 0 + 1/6*v**4 - 1/3*v**3 + 1/2*v**2 - v + 9/20*v**5. Determine m(1).
10
Suppose n + 7 = 4*c, 19*n - 4*c + 33 = 20*n. Let p(z) = -z - 18. Give p(n).
-31
Suppose y + 3 - 5 = 0. Let l(s) = -9*s**2 + 8*s**y - 1 - 4 + 6*s. Suppose 5*x + 4*c + 7 - 20 = 0, 3*x - 3 = -4*c. Give l(x).
0
Let i = 2 - 0. Suppose 3*k - 2*j - 17 = 0, 6*k - 24 = i*k + 4*j. Let f(s) = -27 - 6 + 14 + 14 + 2*s. Determine f(k).
5
Let h(m) = -5*m**2 + 6*m - 5. Let o(g) = -g**2 + g - 1. Let l(t) = h(t) - 6*o(t). Let v(b) = -2*b**2 - 7*b + 3. Let q(y) = 3*l(y) + v(y). Calculate q(4).
-6
Let v be ((-2)/6)/((-1)/6). Let j(t) = t + v + 8 + 0*t + 3*t**3 - 9. Let u = -13 + 12. Give j(u).
-3
Let z(q) be the first derivative of 4*q**2 + 3*q - 4. Suppose 13*y = -4 - 35. What is z(y)?
-21
Let b(g) = -11*g**3 - 13*g - 4. Let v(j) = 2*j**3 + j**2 + 2*j + 1. Let f(x) = b(x) + 5*v(x). Let k = -5 + 9. What is f(k)?
5
Let u = 2690 + -2688. Let f(t) = -1 + 3*t + 0*t - t**2 + 2. Determine f(u).
3
Let w(g) = g**2 - 3*g - 1. Let b be (10/15)/(4/42). Let f = b + -13. Let s be ((-6)/(-9))/(f/(-27)). Give w(s).
-1
Let v(p) = -p**3 - 8*p**2 - 11. Suppose -4*y + b - 32 = 0, 2*y = 3*b - 26 + 10. What is v(y)?
-11
Let m(h) = 14*h + 41. Let v(x) = 5*x + 14. Let b(c) = 3*m(c) - 8*v(c). Let a be b(-8). Let t(r) = -r**3 - 6*r**2 - 5*r + 3. What is t(a)?
3
Suppose 0 = 53*h + 11*h + 320. Let q(l) = 2*l + 15. Determine q(h).
5
Let u(j) = -j**2 + 2*j + 4. Let m be u(3). Let p(l) = -l**2 + 43*l - 24*l - 7*l**3 + 2*l**2 - 20*l. Give p(m).
-7
Let a = 320 + -325. Let y(m) = -2*m**2 - 10*m + 3. What is y(a)?
3
Suppose 4*h - 26 = -2*b - 0*h, 5*b - 10 = h. Let f(q) = -q**3 + 4*q**2 + 5. Let m be f(4). Let y(g) = g**2 - 1 - g - m*g**2 - g**b + 5*g**2. What is y(0)?
-1
Let h be (6 - (-140)/(-24))*3. Let k(z) be the first derivative of 4 + 7*z - h*z**2. Calculate k(6).
1
Let g(i) be the second derivative of i**3/6 + 5*i**2/2 - 10*i. Suppose 4*a + 8 + 12 = -y, 2*y - 20 = 4*a. Determine g(y).
5
Suppose 0 = 14*b - 12*b + 12. Let h(c) = 11*c**2 - 5*c + 5. Let d(o) = -9*o**2 + 5*o - 4. Let v(y) = b*d(y) - 5*h(y). Determine v(-4).
3
Let x(v) = 3*v - 11 + 32 - 6 - 26*v**2 - 7 - 6. Give x(-1).
-27
Suppose 5*u = 7*u - 5*j - 8, 16 = -2*u - j. Let t(n) = n**2 + 3*n - 8. What is t(u)?
10
Let m = -5633 + 5625. Let i(j) be the second derivative of -j**3/6 - 3*j**2 - j. Calculate i(m).
2
Let b(h) = 16*h**3 + 30*h**2 - 52*h + 45. Let a(r) = -3*r**3 - 6*r**2 + 10*r - 9. Let q(z) = 11*a(z) + 2*b(z). Give q(-7).
-2
Let l(x) = x**3 - 9*x**2 - 11*x + 12. Let w be (-8)/76 + 3456/342. What is l(w)?
2
Let w(v) = -v + 4. Let z be (9*6/45)/(42/140). Calculate w(z).
0
Suppose -2*g = -2, -s = -2*s + 3*g + 5. Let t(c) = -4*c + 10. Determine t(s).
-22
Let g be (-3 + (-2 - -4))/(51/(-357)). Let w(f) = -f**2 + 7*f - 5. Give w(g).
-5
Let d = 10 - 17. Let w(r) be the third derivative of r**7/2520 + r**6/120 + 11*r**5/60 - 7*r**2. Let y(h) be the third derivative of w(h). Calculate y(d).
-8
Let n(a) = a**3 - 2*a**2 + 6*a + 3. Let l(b) = b**2 + b - 1. Let r(c) = -6*l(c) + n(c). Calculate r(8).
9
Let a(f) = f**2 - f**3 - 3 + 1 + 0. Let r(n) = -n**2 - 17*n - 28. Let o be r(-15). Suppose 5*w = -3*x + o*x - 25, -3*x - 4*w - 20 = 0. Determine a(x).
-2
Let q(t) = 9 + 2*t**3 - 12*t + 7*t**2 - 2*t**2 + 35*t + 12. Let v(w) = w**3 + 3*w**2 + 11*w + 10. Let c(f) = -4*q(f) + 9*v(f). Calculate c(-6).
0
Let w(q) = 20*q + 95. Let u be w(-5). Let p(r) = r**3 + 4*r**2 - 5*r + 4. Determine p(u).
4
Let p(n) = -n**2 + 3*n + 5. Suppose 13*b - 8 = 11*b. Suppose -2*c = i - 6, -c + 0*c - 4*i - b = 0. Give p(c).
1
Let s(g) = -g**2 - 2*g - 19 + 42 - 20. Suppose 3*m + 5*c = 9, -7*c = -2*c. Suppose 0 = -m*b - 2*r + 19, -b = -3*b + 5*r - 19. Give s(b).
-12
Let b(f) = 4*f**3 - f**2 + 3*f + 8. Let w(i) = -7*i**3 + 3*i**2 - 6*i - 14. Let z(p) = 5*b(p) + 3*w(p). 